 -11) + 3).
-4
0 + 6 + -5 - (2 + 0)
-1
Calculate -3 + -1 + 0 + -1 + 2.
-3
What is 1 - (1 + (7 - 5 - 1))?
-1
What is the value of (4 - 0) + -5 + 1?
0
Evaluate -1 + -4 + 1 + (-5 - -11).
2
What is (6 - -1) + (-9 - -5)?
3
Evaluate 0 - (-3 - -6) - (2 + -3).
-2
What is (-3 - 0) + (4 - -1) + -1?
1
Calculate (5 - 4 - 3) + 5.
3
What is the value of 8 - ((-5 - -4) + 3)?
6
Calculate (0 - -18) + 131 + -144.
5
Evaluate 1 - (0 + (3 - 1 - 1)).
0
3 + (-8 - (-3 - 8) - 2)
4
0 - 0 - (-108 + 109)
-1
What is the value of 1 - 2 - 0 - (-9 + 2)?
6
Evaluate -4 - 1 - -2 - 2.
-5
What is the value of 3 - 3 - -11 - 7?
4
Evaluate 0 - 1 - (-14 - -8).
5
(3 - 4 - -4) + 0 - 3
0
(0 - 1) + -13 + 8 + -4
-10
What is (7 - 6 - 6) + 10 + -1?
4
What is the value of (11 - (4 + 1)) + -4?
2
What is -7 + (11 - (8 - 0))?
-4
Calculate 4 - (3 + -1 + -3).
5
Calculate -6 + (6 - (2 - -1) - -1).
-2
What is the value of 5 + (0 - -2) + -8?
-1
What is the value of 1 + -2 - (-27 - -19)?
7
Evaluate 1 + 0 - (0 + 2 + 0).
-1
What is 17 + -7 - (4 - -1)?
5
Calculate 2 + 5 + 0 + -4 + 4.
7
Evaluate (-4 - 1) + (-1 - (-5 + 3)).
-4
What is the value of (-3 - 0) + 6 + -7?
-4
What is -4 - (2 + -3 + -3)?
0
What is the value of 1 + -10 + (-2 - -4)?
-7
(3 - (4 - -3)) + 7 + -3
0
What is the value of (-14 - -13) + (1 - 4)?
-4
0 + (4 - 1) + -3
0
Evaluate 6 + (0 - (-4 + 2 - -3)).
5
Evaluate -1 - 5 - (2 + 1 + -13).
4
Evaluate 14 - (9 - 6) - (7 - 1).
5
0 + (-4 - (4 - 8))
0
What is the value of (-17 - -6) + 0 + 6?
-5
What is -6 + (3 + 3 - 5)?
-5
What is (13 - (-11 + 26)) + (0 - -1)?
-1
What is the value of (6 + -22 - -8) + 18?
10
What is (3 - -4) + (-35 - -23)?
-5
What is the value of 1 + (-6 - -3 - 0)?
-2
Evaluate 11 - 7 - (3 + 7 + -2).
-4
Calculate -1 + -2 - (-2 + -1).
0
What is the value of 1 + 1 + -1 + (5 - 1)?
5
What is (1 - 5) + 5 - 5?
-4
Calculate 5 + 0 + (7 - 0) + -22.
-10
What is the value of -3 + (-3 - -5 - 2)?
-3
What is the value of (-4 - -2) + 6 - (13 + -14)?
5
What is -1 + -2 - (38 - 43)?
2
What is -2 - (-2 - (-1 + 2))?
1
What is -2 - (-2 + -4 + 5 + -1)?
0
Evaluate 0 - -5 - (4 - -5).
-4
-2 + 2 - 3 - -6
3
What is the value of 14 - (-4 + 9 + -7 - -7)?
9
Calculate (1 - -12) + -6 + -1.
6
Evaluate -2 - 2 - (-5 - -4 - 8).
5
What is the value of (2 - 2 - 0) + -5 + 5?
0
What is the value of 3 + -8 + 3 + 9?
7
-114 + 115 + (-1 + 0 - -1)
1
Calculate 4 - ((-6 - (-7 + 3)) + 7).
-1
What is -7 - ((-4 - -1) + -1)?
-3
Evaluate 2 + -1 - 3 - -1 - 3.
-4
Calculate (-10 - (9 + -12)) + (0 - -2).
-5
Calculate 1 + 5 - (-1 + 4 + -1).
4
What is the value of 1 + (-3 - (1 - (5 - -1)))?
3
Calculate -6 + (-1 - -6) + -4.
-5
Evaluate -2 - (-2 + (-3 - (2 + -1))).
4
Calculate -1 - -4 - (20 + 1 + -20).
2
What is the value of 5 - 4 - -1 - 6?
-4
Calculate 10 + -7 + (-2 - -4) + -3.
2
0 + -2 + (4 - (-4 - -5))
1
-5 + -3 + -3 + 5 + 0
-6
What is (3 - 2 - 3) + 3 + -4?
-3
What is the value of 6 + 6 + (-7 - -2)?
7
Calculate 3 + (7 - (17 + -3)).
-4
What is the value of -9 - (-5 - (-6 + 12))?
2
(0 - 3 - -2) + 3
2
Evaluate 5 - (-13 - -17) - 4.
-3
What is (1 - -4 - 2) + (-9 - -5)?
-1
Calculate 3 + 4 + 0 + -2.
5
Calculate -5 + 2 + (-2 - (-2 - 4)).
1
1 + (-7 - -7) + (0 - -1)
2
What is the value of 1 + 5 + (2 - 5)?
3
Evaluate -1 + 3 + -1 + 0.
1
What is the value of (-1 - -7 - 17) + 17?
6
0 + 0 - ((-5 - -1) + 9)
-5
What is the value of -2 + (1 - (2 - 4))?
1
6 - 10 - (-7 - (3 - 11))
-5
What is the value of -4 - (-1 - (3 + -2))?
-2
-1 - 1 - (-1 - (-2 + -2))
-5
What is the value of 3 + (-7 - 1 - -4)?
-1
Calculate (9 - 10) + 2 + 2 + 2.
5
What is -4 - (-4 - (-1 + (-3 - -5)))?
1
Calculate -5 + 13 + -10 + 5 + -2.
1
What is (6 - -2) + -16 + 11?
3
Evaluate -14 + 7 - (1 + (0 - 4)).
-4
What is the value of (10 - 5 - 2) + (0 - 0)?
3
What is -3 + 10 + -11 + -2?
-6
Evaluate -2 + -1 - (-22 - -18) - -1.
2
(-3 + 12 - (0 - 0)) + -5
4
What is the value of 6 - (-1 - (-8 - 4))?
-5
What is the value of -8 + 16 + 2 + -9?
1
0 - -1 - (2 - -1) - -7
5
What is 2 - 4 - (64 - 63)?
-3
Calculate -2 - (1 + -4 - 1).
2
Calculate 1 + (-4 - (-1 - (9 - 1))).
6
What is the value of -5 - ((2 - 3) + 3 - 3)?
-4
Calculate 14 + -10 + -14 - -5.
-5
5 + (-5 - -1) + -4
-3
What is -8 - (-7 - (15 + -12))?
2
Calculate 4 - (1 - (-18 + 9)).
-6
6 - (4 + -2) - 3
1
Calculate -4 + (4 - 3) + (8 - 9).
-4
Calculate -1 + 7 - ((-14 - -11) + 15).
-6
Evaluate -3 + 0 - (0 + (4 - 4)).
-3
(3 - (10 + -6)) + -2 + 4
1
0 - -2 - ((4 - 9) + 5)
2
Calculate (6 - 8 - -2) + (0 - 2).
-2
What is the value of 1 + 4 + -7 + 4?
2
What is 2 + (1 + -4 - -1) + -2?
-2
What is 7 + (-2 + 0 - 4)?
1
Evaluate -8 + 11 - (-1 - -6).
-2
Calculate 0 + 3 + 3 + -1.
5
What is the value of 6 + (2 + -2 - 4)?
2
Evaluate 0 + -2 + (8 - 3).
3
What is 10 - (-4 + 3 + 1 - -4)?
6
-8 - (-1 + 8 + -14)
-1
Evaluate 0 + 2 - (4 + -7 - -7).
-2
(-11 - -5) + -5 - -4
-7
Evaluate 1 - (1 + -4) - 10 - -4.
-2
What is the value of 2 + 0 + (-6 - -5) + 7?
8
What is (-1 - -7 - 4) + 0?
2
Evaluate 5 + (7 - 8) - (2 - 2).
4
-8 + 4 + -4 - -16
8
What is 2 + (-1 - -6 - 8)?
-1
Evaluate 0 - (3 - 1) - (2 - 2).
-2
Evaluate -3 + 2 + 1 + 10 + -10.
0
What is the value of 3 - (-4 - (2 - (-4 + 5)))?
8
What is -7 + (-8 - -5 - -14)?
4
Calculate -1 - (3 + -5 + -1).
2
What is 4 - -2 - (8 - 2)?
0
Evaluate -7 + 3 - (-5 + 7 - 2).
-4
Evaluate 2 + (6 + -19 - -6).
-5
2 + -6 - (-5 - -2)
-1
What is 28 + -29 - (-3 + 0 + 1)?
1
What is -5 + (-6 - -4) - -4?
-3
-158 + 165 - (3 - (-2 - -3))
5
What is 0 + (2 - -1 - 2) - 2?
-1
Calculate 1 + -1 + 7 + -2 + -7.
-2
Evaluate -13 - (9 - 7 - 10).
-5
30 + -34 - (0 - -1)
-5
What is the value of -23 + 22 - (-2 + 7)?
-6
What is the value of 5 + 3 - 3 - 9?
-4
What is 1 + -5 + -1 + 0 - 0?
-5
What is the value of -5 - (-14 + (8 - 3))?
4
What is the value of 26 - 23 - ((2 - 1) + -3)?
5
What is the value of -5 + (-5 + 0 - -5) + 8?
3
What is the value of 12 - (-2 - (-2 - 2) - -3)?
7
What is the value of -1 - (-9 - -1 - -6)?
1
Evaluate 10 + -4 + -1 - 3.
2
What is (-3 + -4 - -9) + -8?
-6
-27 + 30 + (1 - 2 - 2)
0
Calculate (-1 - 0) + (-10 - -14) + -6.
-3
Evaluate (-3 - -1) + -1 + (10 - 10).
-3
What is the value of 7 + -14 + 8 + -3?
-2
0 - (1 - 0 - 3) - 4
-2
Calculate 0 - (5 - 1) - -9.
5
-3 - -2 - (-3 + -1) - 3
0
Calculate 4 - 11 - (3 - 9).
-1
What is -1 + 6 + (3 + -1 - 2)?
5
Calculate -6 + -2 + 4 + 2.
-2
What is -3 + (8 - 11) + 0?
-6
What is -9 - (-1 - 3) - (1 + -2)?
-4
What is the value of -3 + 3 - 1 - 1?
-2
Evaluate -7 + (-6 - -21) + -6.
2
(-16 - 0) + (-12 - -21)
-7
Evaluate 2 - (4 - (5 - 3)).
0
What is -3 + 1 + (53 - 47)?
4
Calculate 2 + 0 + (-5 - (-2 + 0)).
-1
Calculate 5 - (5 + -4) - (3 + 1).
0
Evaluate 0 - -4 - (-1 + 9).
-4
Calculate 8 - (-2 + 24 + -7).
-7
What is -2 + 3 + 4 + -12 + 5?
-2
Evaluate (-6 - -2) + (-4 - -20 - 20).
-8
Evaluate -6 + (13 - 2) + 0.
5
(7 - 12) + 4 + -2
-3
What is 47 - 44 - (-2 - -3)?
2
Calculate -22 + 16 + (0 - 0) + 0.
-6
Calculate 0 + (-24 - -4) + 11.
-9
What is -6 - (-6 - -2) - -6?
4
Evaluate -9 + (7 - (3 + -3)).
-2
Evaluate 1 + -1 - (-10 - -14 - 11).
7
What is the value of -5 - (4 - (3 - (-5 + 1)))?
-2
Calculate (-1 - (-4 + 2 - 3)) + 1.
5
What is the value of 4 + 12 + -9 + -6?
1
Calculate (-30 - -28) + (-2 - -1 - -2).
-1
Calculate 0 + -1 + 10 + -17.
-8
Evaluate 31 + -27 - (2 - -3).
-1
Evaluate (4 - (-2 - -7)) + 2 + -2.
-1
What is the value of 2 + -7 - -12 - 4?
3
Calculate (-3 - -7) + -4 + (5 - 4).
1
(-4 - (-9 - (-6 - 0))) + 3
2
What is the value of 5 + (-7 + (-3 - -7) - 5)?
-3
What is (7 + 0 - 10) + 6?
3
What is the value of 3 + -4 - (-3 + (3 - -1))?
-2
Evaluate 7 + (-12 - (2 + -7)).
0
Calculate -7 - -4 - ((-5 - -11) + -7).
-2
Evaluate -4 + 9 + -7 + (-2 - 0).
-4
Evaluate 11 + -14 + 7 + -1 + -1.
2
Calculate -8 + 5 + -8 + 7.
-4
-10 - (7 - 5) - -6
-6
What is the value of 1 - (-14 - (7 + -13)) - 0?
9
Calculate -3 - (-1 - (-2 + (-3 - -8))).
1
Calculate 2 - (-5 + (-1 - -13)).
-5
What is (-12 - -7) + 8 - (0 - 1)?
4
Evaluate 22 + -24 + (0 - 1).
-3
34 + -39 + (-2 - -4 - -2)
-1
Calculate 10 - 8 - (4 + -5 + 6).
-3
What is (-1 - (-5 - -11)) + 1?
-6
Calculate 2 - (-4 + 2) - 4.
0
Evaluate -8 - (-3 - (1 - 1)) - -10.
5
-1 - ((6 + -5 - 3) + -2)
3
What is 8 + -4 + (-12 - -7)?
-1
Evaluate (-4 - -5) + 2 + 0 + -1.
2
What is -4 + (-3 - -8) + -4 + -2?
-5
Calculate 1 - 4 - (-4 - -5).
-4
Calculate 10 + -3 - 3 - 1.
3
What is the value of (0 - 5) + (-37 - -44)?
2
-3 - (-8 + 2 + 6)